j - 12. Let o be s(6). What is the highest common factor of 2 and o?
2
Let l = -2 - -4. Suppose l*y + 2*y - 8 = 0. Let q be y/5 + (-588)/(-30). What is the greatest common divisor of q and 30?
10
Let o be -68*(40/8 + -7). Calculate the greatest common divisor of o and 8.
8
Suppose -x - 2*x = -30. Let k be (8/5)/(4/x). Suppose -3*i = -k*a - 39, 10*i - 5*i + 2*a = 91. What is the highest common divisor of 68 and i?
17
Let v be (-2)/(-6) + 2/(-6). Suppose 2*h - 4 = 3*h, -y + 5*h + 42 = v. What is the highest common divisor of 11 and y?
11
Let h be (-2)/(-3) + ((-134)/(-6) - -2). Suppose 3*k - k + 227 = s, -5*s + k + 1126 = 0. What is the highest common divisor of s and h?
25
Let g = -27 + 29. Let p(d) = 6*d**2 + 4*d - 3. Let h be p(g). What is the greatest common factor of 145 and h?
29
Suppose 0 = -3*s - 4*w + 69, 4*w - 46 = -3*s + s. Suppose 9 = 4*y - s. Calculate the greatest common factor of y and 8.
8
Let o = -151 - -140. Let z(g) = g**3 + 9*g**2 - 25*g - 20. Let d be z(o). Calculate the greatest common divisor of d and 13.
13
Suppose j - 4*b = -11, -3*j - b + 15 = 35. Let i be j/(7/(-4)) + 86. What is the highest common factor of i and 10?
10
Let q(n) = 2*n**3 - 6*n**2 - 2*n + 15. Let b be q(5). Calculate the highest common divisor of 35 and b.
35
Let j be (65/39)/(-1*(-1)/(-18)). Let c = -6 - j. What is the highest common factor of 6 and c?
6
Let n be (-6)/(-33) - (-1603)/77. What is the greatest common divisor of 3 and n?
3
Suppose 0 = -66*r + 63*r + 18. Calculate the highest common factor of r and 14.
2
Let w = 199 - 191. Calculate the greatest common divisor of w and 108.
4
Let v be (-23)/(460/48)*(-320)/3. Let n be 31 + (1 + 1)/2. What is the highest common factor of v and n?
32
Suppose 185 = 2*s - 13. Suppose -22 = 3*z - 5*z. What is the greatest common factor of z and s?
11
Suppose 82 = 3*p + 4*a, -2*p - 38 = -3*p + 4*a. What is the highest common divisor of 20 and p?
10
Let v(m) = -m**3 - 6*m**2 + 2*m - 33. Let r be v(-7). Let f be ((-1)/r + 0)*-38. What is the highest common divisor of f and 361?
19
Suppose 42*m - 4216 = 9602. What is the highest common divisor of m and 94?
47
Let d = -1348 + 1402. Calculate the highest common divisor of d and 1917.
27
Let n(c) = 13 - 29*c - 1 - c**2 + 2*c + 37. Let r be n(-20). Calculate the highest common divisor of r and 27.
27
Let s = -155 + 206. What is the highest common factor of s and 6?
3
Let q = -467 - -483. Calculate the greatest common factor of q and 14.
2
Suppose 234 = 2*u + 3*b, 2*b + 3*b = -u + 110. What is the greatest common factor of u and 45?
15
Let b(s) = s - 10. Let v be b(11). Let x be (-1 - 1)*(-1)/(-2). Let a be (-40)/(-6) - x/3. Calculate the greatest common divisor of v and a.
1
Suppose -43 = -25*i + 22*i - 2*l, 4*l = 2*i - 34. What is the greatest common factor of i and 645?
15
Let r = 482 + -478. What is the greatest common factor of 334 and r?
2
Suppose -2*c + 15 + 11 = 0. Suppose c = 4*s - 27. What is the greatest common divisor of 10 and s?
10
Suppose -2*c = 3*y - 10, -3*y - 8 + 3 = -c. Suppose -2*p - v = v - 22, y = p + 3*v - 19. What is the highest common divisor of 3 and p?
1
Let u(c) = -5*c**2 + c**3 + c**2 - 8*c + 0 + 1 + 6. Let w be u(5). Let o = -7 - w. Calculate the greatest common factor of o and 8.
1
Let l be 2/1 + (-4 - -7). Suppose 4*z = -l*r + 466, 3*r + 0*z = -5*z + 290. What is the highest common factor of 10 and r?
10
Let a be (-1300)/6*15/(-10). What is the greatest common factor of a and 5?
5
Suppose 8*l = 18*l + 760. Let b = -24 - l. Calculate the highest common divisor of b and 26.
26
Let y(p) = -p**3 + 9*p**2 - 9*p + 10. Let c be y(8). Suppose -2 = z - c*z. Suppose 6 = z*v - v. Calculate the highest common factor of 3 and v.
3
Let n(d) = 59*d + 14. Let z(c) = 29*c + 7. Let m(s) = 3*n(s) - 5*z(s). Let h be m(7). Calculate the highest common factor of h and 21.
21
Let u be 2 + (-1 - -4 - 2). Let k be (-32)/3*-2 + (-1)/u. Calculate the highest common divisor of k and 14.
7
Let r be 21/(-6)*(-1 + -1). Suppose -8*t - 4 = -4*t. Let g be (-2)/(-2) + t/1*-34. What is the highest common factor of r and g?
7
Let p be ((-1)/((-6)/140))/(152/228). Calculate the greatest common factor of 245 and p.
35
Suppose -9*g + 960 - 906 = 0. Calculate the greatest common divisor of 42 and g.
6
Suppose -g + 5*v + 1136 = 0, 6*v = 4*g + 2*v - 4496. Calculate the highest common factor of 19 and g.
19
Let s = -57 - -167. Suppose 218 - 878 = -4*h. Calculate the greatest common factor of h and s.
55
Suppose 18 + 15 = 11*i. Let a be (i/2 - 1)*(-100)/(-2). What is the greatest common divisor of a and 5?
5
Let x(t) = t. Let j = 20 - 23. Let m(p) = -9*p - 4. Let f(g) = j*x(g) - m(g). Let y be f(2). Calculate the greatest common divisor of y and 8.
8
Let b = 211 + -191. What is the highest common factor of 5 and b?
5
Let p(w) = 13*w + 1. Let k be p(11). Let x be ((-2 - -3 - -3) + 5)/1. What is the highest common factor of k and x?
9
Suppose -2*t = 4*x - 2890, 4*t - 4516 = -4*x + 1272. Suppose 21*z + t = 28*z. What is the greatest common factor of z and 23?
23
Let t = -1326 - -1630. Calculate the greatest common factor of t and 190.
38
Let j be (-88)/(56/(-7)) - (0 + -4). Suppose -f + 123 = -3*p, -2*f - 4*p - 119 = -3*f. What is the highest common divisor of f and j?
15
Let g be (((-1)/2)/(2/20))/(-1). Let f be ((-75)/(-2))/g - 18/(-12). Let r = -38 - -74. What is the highest common factor of f and r?
9
Let n = 72 - 48. Let v(d) = -2*d**2 - 13*d + 3. Let i be v(-7). Let x be 0 + i - 1*-64. Calculate the highest common divisor of n and x.
12
Let l be 52 + 2 - (0 + 3). Suppose -5*p + l = -2*p. Let i = 121 - -66. Calculate the highest common divisor of i and p.
17
Let d be 16 - 6 - (-420)/14. Calculate the greatest common divisor of d and 140.
20
Let a = 16 - 10. Suppose -5*j + a = -2*j. Suppose 2*q - 10 = -2*x, -3*x = 4*q - j*x - 23. What is the greatest common divisor of q and 42?
6
Suppose -o + 0*t - 2*t = -12, 0 = -3*o - 3*t + 24. Let g = 6 - -3. Let u be (o - (-174)/g)*12. What is the highest common factor of u and 35?
35
Let c(s) = 30*s - 864. Let a be c(30). What is the highest common factor of 873 and a?
9
Let o(d) = 2*d**3 - 5*d**2 + 6*d - 3. Let q be o(2). Suppose 5*b - 4*b + 3*r = 51, -98 = -2*b - q*r. What is the greatest common divisor of b and 390?
39
Let z = 20 + 68. Suppose 0 = 4*n - z - 456. Calculate the highest common factor of 34 and n.
34
Let c = -20 - -25. Suppose 0 = -i - c*y + 139 - 28, i + y - 99 = 0. What is the greatest common factor of i and 12?
12
Suppose -3*w + 854 = -5*s - 311, -5*s - 770 = -2*w. Calculate the highest common divisor of 158 and w.
79
Suppose 0 = 21*u - 60*u + 8697. What is the greatest common divisor of u and 1?
1
Let n be (-14)/105 + -2 + 25984/30. What is the greatest common divisor of 32 and n?
32
Let u(l) = l**2 + 18*l + 23. Let c be u(-16). Let t be 6/c*3 + (-24)/(-1). Calculate the highest common divisor of t and 33.
11
Suppose 16 = n - 5*x - 7, 5*n + 4*x - 173 = 0. Calculate the greatest common factor of n and 6.
3
Let d(z) = z**2 + 3*z + 2. Let g = -73 + 70. Let n be d(g). Calculate the greatest common factor of n and 2.
2
Let v(i) = 3*i**3 + i**2 + i - 1. Let u be v(1). Suppose 2*d - u*d = -136. Calculate the highest common divisor of d and 17.
17
Let a be ((-4 - 1) + 6)*(-1 - -13). Calculate the greatest common factor of a and 40.
4
Let c(f) = f**3 - 3*f**2 - 9*f - 45. Let l be c(8). Calculate the greatest common divisor of l and 87.
29
Let y be ((-26)/39)/(10/(-240)). Let c = 6 + -10. Let m be 3/6 - 382/c. What is the highest common factor of m and y?
16
Let c = 2364 - -259. What is the highest common factor of c and 61?
61
Let b = -12 - -17. Suppose -4 = -c + 3*d + d, 5*c + 3*d + 26 = 0. Let p be (-66)/c + 12/(-8). Calculate the greatest common factor of p and b.
5
Let m(y) = -y**2 - 7*y + 21. Let o be (21/(-14))/(3/18). Let i be m(o). What is the greatest common factor of i and 3?
3
Suppose -8*z + 50 = 3*b - 6*z, 0 = 5*b - 3*z - 115. What is the greatest common divisor of 4 and b?
4
Let b be -1 - 3*102/18. Let u be (b/(-9))/(3*2/30). Let o be (-2)/(-4) - 318/(-4). What is the greatest common divisor of u and o?
10
Let z = 332 + -328. What is the greatest common divisor of 36 and z?
4
Suppose 0 = 11*f - 1841 - 7146. What i